me?
True
Let s = 10 - 10. Let o be (10/(-12) - s)/((-3)/18). Suppose 4*n - 2*z = 1166, 1371 + 99 = 5*n - o*z. Is n a prime number?
False
Let b = -1568 - -4544. Suppose 6*m = 12126 - b. Suppose 2*r - 3*k - 68 = 540, -5*r + 5*k + m = 0. Is r a composite number?
False
Let h(l) = -15921*l - 584. Is h(-7) composite?
False
Let b = -77552 + 44918. Let k = -22499 - b. Is k composite?
True
Suppose -2*w + 4*z = -169 - 31, -5*w - 3*z + 552 = 0. Is (-205629)/(-27) - (-120)/w composite?
True
Let b(t) = 324*t - 5. Let u(i) be the third derivative of 5*i**4/24 + 13*i**3/3 + 31*i**2. Let k be u(-5). Is b(k) composite?
True
Let u(j) = 3*j**3 - j**2 + j + 3. Let l be u(2). Suppose 3*c + 5*r - l = 0, -5*c = r + r - 10. Is -6 + (c - -4) - -3862 - -3 composite?
False
Let h = 835519 + 1325808. Is h composite?
True
Let c(k) = -8*k - 169*k + 111 + 16. Is c(-4) prime?
False
Suppose n - 5*a + 1093 = 0, -n = 4*a - 7*a + 1089. Let l = 2720 + n. Is l composite?
False
Let o(m) = -2*m + 3. Let v be o(5). Let h = 435 + -436. Is ((-4)/14)/((v/(-343))/h) composite?
True
Let i(u) = 3*u - 7. Let c be i(4). Suppose 0 = -5*h + 25 - c. Suppose k - h*k + 699 = 0. Is k a composite number?
False
Let u be -8 + 7 - 5 - 2139. Is (0 + -5 + 12)*(-2 - u) prime?
False
Let w be (-4 + 0 + 3)/(2/4). Is (-21100)/(-30) + w/6 composite?
True
Suppose 5*z + 10*z + 7800 = 0. Is (z/60)/(26440/(-13218) + 2) composite?
True
Let i = -575 + 584. Let d(r) be the second derivative of r**5/20 - 5*r**3/3 + 5*r**2 - 2*r. Is d(i) composite?
True
Let a be (5 + 0 - (3 - 172))*-3. Let f = 6 - -1. Let u = f - a. Is u prime?
False
Let k = 1026 - 1537. Let o = 50 - k. Suppose l + 2*l = o. Is l a prime number?
False
Is (-142)/923 + 72630600/104 a composite number?
False
Let x = 5573 - 3167. Suppose 0 = -74*w + 68*w + x. Is w a prime number?
True
Let b(n) = -2515*n + 123. Is b(-2) a prime number?
True
Let x be 2946/(-15)*(-5)/2. Let n(s) = -s - 1. Let l be n(-7). Suppose 811 + x = l*a. Is a a prime number?
False
Let m be ((-78975)/(-6))/(-13) - (-3)/(-6). Let t = m - -2074. Is t a prime number?
True
Suppose -t + 5*s = 2*s + 18, -4*t + s - 17 = 0. Is (-3)/((-2)/2)*(-1157)/t composite?
True
Let r = -209 - -213. Suppose -h + 1881 + 332 = r*o, -h + 1 = 0. Is o composite?
True
Let m = -74 + 68. Let u(p) = -368*p - 5. Is u(m) a prime number?
True
Let t(u) = 307*u**3 - 16*u**2 + 3*u - 77. Is t(6) prime?
True
Suppose 0 = 4*p - p + s - 61, -p - 4*s = -24. Suppose -5*r = -n + p + 16, n - 42 = 2*r. Is n composite?
True
Let a(z) = 63*z**3 - 6*z + 4. Let i(x) = x**3 + x - 5. Let d be i(0). Let h(y) = y**3 + y**2 - y + 1. Let g(f) = d*h(f) + a(f). Is g(3) a composite number?
True
Let g(p) = 2*p**3 + 2*p - 3. Let n be g(1). Is (-2 - n)/(9/(-31047)) prime?
False
Suppose -2*j + 383269 = d, -4*j - 6268 = -2*d + 760238. Is d a composite number?
False
Let s be 3/(-3)*(-14681)/1. Suppose -3*n = -4*b + s, 5*n = -3*b + 6973 + 4045. Is b prime?
True
Suppose -4*b = 5*s + 78618, -b - 78615 = 5*s + 4*b. Let x = s + 57007. Is x prime?
True
Suppose 5825390 - 1567486 + 4423400 = 24*t. Is t prime?
False
Suppose 5*n = -5*d + 206650, 5*d + 3*n - 201252 - 5404 = 0. Is d a composite number?
False
Suppose -20*u + 15337893 = 3*u + 28*u. Is u a composite number?
False
Is 3 + (-2818)/((-280)/55 + 3 - -2) a composite number?
True
Let b = -147691 - -208826. Is b a composite number?
True
Suppose 9242 + 11743 = -3*u. Let r = 770 - u. Is r composite?
True
Let o = 141639 - 91418. Is o composite?
False
Let u(y) = 43*y**2 - 330*y - 61. Is u(24) prime?
True
Let z(l) = l - 4. Let k be z(6). Let f(q) = 5*q - 208. Let v be f(43). Suppose -4*y = k*n - v*y - 940, -5*n - y + 2333 = 0. Is n prime?
True
Suppose 156*p - 161*p + 535 = 0. Let d = 424 - p. Is d a prime number?
True
Let a be -180*(-135)/(3 - -2). Let i = a + 4900. Suppose -2*w = 5*k - 7*w - i, -k = -3*w - 1958. Is k prime?
True
Let b(h) = h**2 + 1. Let x(a) = 27*a**2 + 12*a - 10. Let w(v) = -4*b(v) - x(v). Let r(c) be the first derivative of w(c). Is r(-5) composite?
True
Suppose 0 = -2*q - 4*q. Suppose q = -u + 2, u - 300 = 2*j - u. Let f = j + 275. Is f a prime number?
True
Is (42/(-105) - 261844/(-10)) + 2 a composite number?
True
Suppose 40*r - 35*r = 159330. Let i = 47525 - r. Is i a prime number?
False
Let q = -3 + 2. Is (q + 0 + 3)/((-388)/(-2667694)) a prime number?
True
Suppose 2*o + 2*o - 4*p = -268, 4*p = -o - 72. Is (-1)/((-17)/o*(-4)/1907) composite?
False
Let j = 35 + -14. Let s(a) = 12*a**2 - 21*a + 10. Is s(j) a prime number?
True
Suppose -2979697 = -143*s + 24268713 - 4220691. Is s a composite number?
False
Let c(k) be the second derivative of -7*k**5/10 + 7*k**4/12 + 6*k**2 + 2*k + 32. Is c(-5) composite?
True
Suppose -2*u - g = -90 + 32, u - 26 = g. Let o be (-1200)/(106/u + -4). Suppose 2*z + 2545 - 8139 = -4*h, 4*h = 4*z + o. Is h composite?
False
Let m(h) = -2*h**2 + 11*h + 48. Let r be m(8). Suppose -r*w + 0*w + 26168 = 0. Is w prime?
True
Suppose 0 = -73*i + 74*i. Suppose i = 14*g + 3*g - 44047. Is g a composite number?
False
Let v(k) = 18013*k + 595. Is v(12) a prime number?
True
Suppose -6478 = -0*m - 4*m + 5*p, -3*m + 4874 = 4*p. Suppose -h + 5*b = -2376, b - m - 10232 = -5*h. Is h a composite number?
False
Let g = 20130 - 6295. Suppose -4*p = -2*o - 11094, -4*p - p = 4*o - g. Is p prime?
False
Let m(t) = -t**3 + 11*t**2 - t + 19. Let d be m(11). Suppose d = 4*x, 0*h + 2*x = 3*h - 8981. Let f = h + -822. Is f prime?
False
Is 192925*(-2)/(-120)*12 a composite number?
True
Let c(d) = -d**3 + 46*d**2 + 10*d + 25. Is c(46) a prime number?
False
Let f = -28 + 33. Suppose 147 + 143 = -f*q. Is (-1 + q)*10/(-10) a composite number?
False
Let g be (-66)/(-15) + (-4)/10. Let x be 57/g + 6/(-24). Suppose 0 = 16*m - x*m - 2582. Is m prime?
True
Let z(w) be the first derivative of 48*w**2 + 21*w - 278. Suppose -d - d = g + 1, -g + 4*d = -17. Is z(g) a prime number?
False
Suppose 33*l + 32 = 37*l. Suppose -16 = -4*g - 4*p, -4*p - 6 = g - l*p. Suppose -694 = -2*v - y + 88, 0 = -g*v + 2*y + 770. Is v prime?
True
Suppose j + 6 = 4*h - 0*h, h - 10 = -4*j. Suppose 0 = j*b - 4*b - 5*d + 121, 0 = 5*b - 3*d - 380. Suppose 1257 = b*f - 72*f. Is f a composite number?
True
Suppose 2*p - 3*p = -t + 576, 0 = 2*t - p - 1157. Let b(n) = 22*n**2 - 2*n + 8. Let m be b(4). Let g = m + t. Is g a prime number?
False
Suppose -105*z - 1555591 = -142*z. Is z prime?
True
Let d(s) = -6*s + 250. Let t be d(39). Suppose t*v - 43826 = -v. Is v composite?
True
Suppose h - 4*s = 242, -12*s - 675 = -3*h - 17*s. Suppose 11*i + 2*j = 8*i + h, 140 = 2*i - 2*j. Is i prime?
False
Let m be 3/(-8) - (-2187)/72. Suppose 0 = -25*w + m*w - 12035. Is w a prime number?
False
Let i = -62975 + 133524. Is i prime?
True
Let y(s) = -338*s + 1405. Is y(-6) composite?
False
Let z be 3/((-63)/14) - (-1952)/(-6). Let u = 16 - z. Suppose -310 - u = -4*s. Is s prime?
True
Suppose -155*o + 153*o = -8. Suppose -6*r + 3*r = 0. Suppose 2*b + r*b = -5*t + 1897, -b + 1520 = o*t. Is t composite?
True
Suppose -3*u = 2 - 8, -5*u - 210 = -5*r. Is r/(-6)*1542/(-4) prime?
False
Let x(m) = -1199*m**3 - m**2 - 1. Let t(f) = 2*f. Let i(b) = b. Let r(j) = i(j) - t(j). Let p(l) = 2*r(l) + x(l). Is p(-1) a composite number?
True
Let w = 515644 - 132917. Is w composite?
False
Let d = -475 - -483. Suppose 32*r + d*r = 97160. Is r a prime number?
False
Let u be ((-7)/((-35)/(-2)))/((-22)/50545). Suppose 0 = -7*y + u + 1734. Is y a prime number?
True
Suppose u - 629 = 2871. Suppose -4*m - 5*x + u = 0, 4*m - x = 3*m + 875. Let d = -244 + m. Is d a prime number?
True
Let n = -924 - -314. Is 7 + (20/(-5) - n) composite?
False
Suppose 51697*j + 1573219 = 51728*j. Is j composite?
True
Let y = -62217 + 353008. Is y a prime number?
True
Suppose -5*b = -3*v - 3*b + 6, b + 3 = -4*v. Let w be (477/(v + -3))/(-1). Suppose -y = -w - 62. Is y a composite number?
True
Let p(a) = 26*a**3 + 20*a**2 - 37*a + 177. Is p(14) a composite number?
False
Suppose -11*m = -2190769 + 225278. Is m a composite number?
False
Let z = -145 - -153. Let q(j) = 1973*j + 31. Is q(z) prime?
False
Let i(g) = 153*g**2 - 45*g - 205. Is i(-13) a prime number?
True
Let l = -1115 + 1920. Suppose -2*n = -g - 554, -3*n - 5*g + 0*g + l = 0. Suppose -5*s = -4*i - 463, n = -s + 4*s - i. Is s prime?
False
Suppose 4*j